est common factor of 242 and d.
22
Suppose -40 = -14*u - 6*u. Suppose 58*p - 17700 = -u*p. Calculate the highest common factor of 59 and p.
59
Suppose -o + 17 = g, -19*g + 17*g - 31 = -3*o. Suppose 3*j = -l + 396, -o*l + 10*l - 528 = -4*j. What is the greatest common divisor of j and 33?
33
Let a = -62 + 118. Suppose -9167*z + 160 = -9157*z. Calculate the greatest common divisor of a and z.
8
Let i = -2056 + 3808. Calculate the highest common factor of 48 and i.
24
Suppose -5*q - 2*h + 20 = -0*h, -4*q + 16 = 4*h. Let g be (-888)/5 - 2/5. Let x be 4/(-8) + g/(-4). What is the greatest common divisor of x and q?
4
Let t = -53 + 59. Suppose -1050 = t*s + s. Let g be s/(-9) - 2/3. What is the highest common divisor of 24 and g?
8
Let m = -9 - -13. Let n be -4 - (222/m)/((-9)/24). Suppose 120 + n = 3*w. Calculate the greatest common factor of w and 8.
8
Let r be ((-2688)/(-18))/((4/10)/(21/35)). Calculate the highest common factor of r and 21.
7
Let n = -21667 - -31465. What is the greatest common factor of n and 184?
46
Let x be (-8*(-10)/(-200))/((-5)/2200). What is the greatest common divisor of x and 605?
11
Let b(m) = m**3 - 2*m**2 + 31*m + 14. Let c be b(7). Let n = c - 411. Calculate the highest common divisor of 156 and n.
13
Let q(m) = 247*m - 6338. Let c be q(26). Let i = 142 - 16. What is the highest common divisor of c and i?
42
Let f be ((-2346)/46 - -63)/(-1 + (-18)/(-16)). Calculate the highest common factor of 184 and f.
8
Let l(r) = -11632*r - 23187. Let v be l(-2). Let p(i) = 2*i**2 + 3*i - 3. Let w be p(2). What is the greatest common divisor of w and v?
11
Let g = -124708 - -124763. Suppose 0 = -3*s + 21 + 30. Let z = s - 6. What is the greatest common factor of g and z?
11
Let v = 490 + -488. Let d be v/(4/50) - (52 + -47). What is the greatest common factor of d and 340?
20
Let w = 34815 + -34039. Calculate the greatest common divisor of 6014 and w.
194
Suppose 2*d = 4*k + 24, d + 4*k = 8*k + 22. Suppose -5*t + 3*m + 75 = 0, -d*m = -t + 2*m + 15. What is the greatest common factor of 20 and t?
5
Let c be (-14)/238 + 1673517/51. Calculate the highest common factor of 18 and c.
18
Let o(u) = 163*u - 1969. Let q be o(22). What is the greatest common factor of q and 308?
77
Suppose 4*t = -4*t + 104. Suppose -t*w = -102 - 28. What is the greatest common factor of 250 and w?
10
Suppose 628 = 84*v + 553 - 345. Let d = 80 + -40. Calculate the highest common factor of v and d.
5
Suppose 38*j = 220*j + 10*j - 2112. What is the greatest common factor of 5951 and j?
11
Let u = -8344 + 8399. Let h(a) = -a**3 - 4*a**2 - 3*a - 5. Let p be h(-5). Let t = u - p. What is the greatest common factor of t and 5?
5
Let s(o) = 13205*o**3 + 2*o**2 - 9*o + 7. Let p be s(1). What is the greatest common factor of p and 95?
95
Let h be (-2)/(-6) - (-84)/18. Let a be 26 - (-6 + 7) - h. Calculate the highest common divisor of 320 and a.
20
Let t = -5000 - -5009. What is the greatest common factor of t and 189?
9
Let x = -28874 - -28894. Calculate the highest common divisor of x and 1740.
20
Let d(c) = -c - 20. Let t(w) = 8*w + 180. Let r(z) = 28*d(z) + 3*t(z). Let q be r(-9). What is the greatest common divisor of 12 and q?
4
Let n be 4131535/1222 + (-4)/(-104). What is the highest common factor of 189 and n?
21
Suppose -474*a + 470*a = -24. Let x = -16 + 16. Let t(l) = -l**3 + 6. Let m be t(x). Calculate the highest common factor of m and a.
6
Let t(l) = -2*l**2 - 241*l + 66. Let c be t(-24). What is the greatest common divisor of 6 and c?
6
Suppose -52 = -u + 4*z, -5*u = 3*z - 152 - 62. Let p be ((-9435)/(-148) + 27)*7/((-21)/(-4)). What is the greatest common divisor of p and u?
11
Let n(j) = j**3 + 43*j**2 - 385*j + 3. Let h be n(9). Calculate the highest common factor of 690 and h.
30
Let f = 4818 + -4407. Calculate the greatest common factor of f and 10823.
137
Suppose 0 = 1180*y - 1161*y - 2907. What is the greatest common divisor of 187 and y?
17
Let u = 0 - -2. Let a = -8833 - -8887. Suppose -u*j = -a - 206. Calculate the greatest common factor of j and 13.
13
Suppose -5*t + 89 - 4 = 0. Let k(f) = 2*f**2 + f - 10. Let c be k(-3). Suppose c*u = 352 - 97. Calculate the highest common factor of u and t.
17
Let l = 7 + -3. Let j(c) = 2*c**3 - 5*c**2 + 5*c - 4. Let v be j(l). Let y = 264 - 232. Calculate the highest common factor of v and y.
32
Let s(h) = -h**3 + 14*h**2 - 3*h + 14. Let t be s(14). Let j be (3 + -50 - 4) + -3. Let c = t - j. Calculate the greatest common factor of 78 and c.
26
Suppose 968 = 5*l - c, -4*c = -76*l + 74*l + 380. Calculate the highest common divisor of l and 6.
2
Suppose -14 = -17*t + 20. Suppose -t*h + 0*h = 4*i - 74, 2*h = 4*i + 34. What is the highest common divisor of h and 3?
3
Let z be ((-196)/6)/(1/(-3)). Let b be 1 + 1 + -1 + z. Suppose -4*m - 597*i = -595*i - 90, 5*m - 112 = -2*i. Calculate the greatest common divisor of m and b.
11
Let p = -16607 - -16913. Calculate the greatest common divisor of p and 102.
102
Let m(j) = -2*j**3 + 2*j - 4. Let k be m(0). Let i be (132/(-9))/(k + 66/18). What is the greatest common factor of i and 638?
22
Suppose -4*j = -10 - 18. Let o(v) = 16*v - 47. Let i be o(j). What is the greatest common divisor of 5 and i?
5
Suppose -4*a + 1790 = -506. Suppose -2*q + 9*q + a = 0. Let f = 117 + q. Calculate the greatest common divisor of 35 and f.
35
Suppose -5*y + 799 = -4*z, -3*z - 20*y = -23*y + 600. Let g = 240 + z. Calculate the highest common divisor of g and 507.
39
Let x(l) = 3*l**2 + l - 3. Let s be x(-2). Suppose -11*r = -s*r - 448. Let z be ((-150)/70 - -3)*(-84)/(-9). What is the highest common divisor of z and r?
8
Suppose 0*v + 4*v = 0, -2*b - 2*v - 2 = 0. Let n be (-65)/39*3/(1*b). Let p(x) = 3*x**2 + x + 3. Let s be p(4). Calculate the highest common factor of s and n.
5
Let s(v) = v**3 + 16*v**2 + 24*v - 38. Let u be s(-14). Let r = 108 + -48. Calculate the greatest common factor of u and r.
6
Let t = 18674 + -18599. Calculate the highest common factor of 135 and t.
15
Suppose 4*f + 120 = 2*j, 34*j - 3*f + 248 = 39*j. Suppose -2*w - 140 = -7*w - 5*s, 5*s = -w + 36. Calculate the greatest common factor of j and w.
26
Let r be (1 + -4)/((-55)/13200*40). Suppose 0*y + 2*y = 2*o - 2, -7 = -y + 3*o. Let m = 14 + y. Calculate the greatest common divisor of m and r.
9
Suppose -8*x = -3*x - 4*t - 47, -2*t = x - 1. Let n be (-8 - (3 - x)) + 70. Calculate the highest common factor of 88 and n.
22
Suppose -m + 25 = -48*o + 51*o, -5*m - o + 153 = 0. Suppose -2*u + 794 - 236 = 0. What is the highest common divisor of u and m?
31
Suppose -143*o - 484220 = -79*o - 74*o. Calculate the highest common divisor of 11 and o.
11
Let w = -463 - -562. What is the greatest common divisor of 3663 and w?
99
Suppose -4*n + 9*g + 1264 = 14*g, 2*g = 0. What is the greatest common factor of 12 and n?
4
Let c be (3 - -8)/(0 - -1). Suppose 0 = s, -25*l - 4*s + 2816 = -21*l. What is the highest common divisor of l and c?
11
Suppose -11481 + 5126 = -17*h + 61900. Calculate the greatest common factor of 110 and h.
55
Let o = -98 + 45. Let w = 84 - 29. Let d = o + w. What is the greatest common divisor of d and 16?
2
Suppose 0 = -18*c - 16*c - 6256. Let x = c + 195. Calculate the greatest common divisor of 187 and x.
11
Let y = -8612 - -9052. Calculate the greatest common divisor of y and 1210.
110
Let a = 416 - 437. Let s be ((-125)/(-15))/((-7)/a). What is the greatest common divisor of s and 10?
5
Let g = 54 - 62. Let d = -5 - g. Suppose 0 = 5*f + 25, f = d*j - 162 - 107. What is the highest common divisor of 8 and j?
8
Let o be (32/(-3))/((-4)/18). Suppose 0 = 39*b - 125 - 300 + 113. What is the highest common factor of b and o?
8
Let u(j) = 7*j + 43. Let t(i) = 15*i + 86. Let o(f) = -4*t(f) + 9*u(f). Let w be o(-9). What is the greatest common factor of 40 and w?
8
Suppose -1 = -4*g + x, -3*g = -2*g + x + 1. Let y be (322 - g/3) + 8/4. Calculate the greatest common factor of y and 54.
54
Let f(a) = -218*a + 3885. Let v be f(-112). Calculate the highest common divisor of 91 and v.
91
Let t(u) = -12*u + 4. Let i be t(-5). Suppose 48*f - 2112 = -40*f. Calculate the greatest common factor of i and f.
8
Let i be -22 - -7 - (-532 + 5). Calculate the greatest common factor of 80 and i.
16
Let g be (15/3)/(5